uppose -5*f - 3 = -5*m + 2, -p*f - 4*m = -32. What is the units digit of (10 + (1 - f))*3?
1
Let k = -122 + 543. What is the hundreds digit of k?
4
Suppose g = -0*g + 225. Let p = g - 157. What is the units digit of p?
8
Let n be (-2 - -2)/(-4 + 5). Suppose 0 = 3*a - n*a - 231. What is the tens digit of a?
7
Suppose -2*m - 2*s - 138 - 114 = 0, -3*s - 120 = m. Let v = m + 203. What is the tens digit of v?
7
Suppose d + 30 = -2*d. Let x = -2 - d. Let n = -4 + x. What is the units digit of n?
4
Suppose 2 = 3*l - 2*l. Let v(d) = -4*d**2 - 5. Let o(p) = 7*p**2 + 9. Let s(k) = 3*o(k) + 5*v(k). What is the units digit of s(l)?
6
Suppose -21*s = -4*s - 34527. What is the hundreds digit of s?
0
Suppose 0 = 7*j - 4*j - 1044. Suppose 0 = -17*p + 14*p + j. What is the tens digit of p?
1
Let c(a) = a**2 - 3*a + 544. What is the tens digit of c(0)?
4
Let w(c) = 23*c - 19. What is the units digit of w(2)?
7
Let q = -361 + 1152. What is the units digit of q?
1
Let q be (6 - 4 - 1)*13. Suppose -q*g + 17*g = 288. What is the tens digit of g?
7
Suppose -4*r - 6*z + 424 = -5*z, -z + 210 = 2*r. What is the tens digit of r?
0
Suppose -2*g + 37 = -g + 2*a, -3*a + 128 = 4*g. Suppose 4*w - 14 = p + 2*w, 2*p = 3*w - g. Let n = -4 - p. What is the units digit of n?
2
Suppose 4*t + 20 = 3*d, -2*d + 25 = -8*t + 3*t. Suppose u + u - 476 = 4*v, d = -4*u + 4*v + 964. What is the hundreds digit of u?
2
Suppose 2*t + 29 = -7. What is the units digit of (-326)/(((-3)/(-2))/(t/24))?
3
Suppose 5*c = -2*n + 1956, c - 2*c + 4 = 0. What is the hundreds digit of n?
9
Let s(c) = -c**3 + 3*c**2 + c + 2. Let u be s(3). Suppose u*z - 171 = 264. What is the units digit of z?
7
Suppose 4*b - 2043 = -2*p + 345, 0 = 5*p + 4*b - 5958. What is the thousands digit of p?
1
Suppose -s + 1 = j, -13 - 5 = 3*s - 4*j. Let k(r) = 26*r**2 + 4. Let p be k(s). Suppose -p = -c - 3*c. What is the tens digit of c?
2
What is the units digit of -6 - (-13)/3 - 4420/(-6)?
5
Let v be ((-21)/2)/((-3)/6). Suppose -3*w - v = 15. Let i(j) = j**3 + 12*j**2 - 4*j - 10. What is the tens digit of i(w)?
3
What is the hundreds digit of 138/(-12)*(-4 - -3 - 9)?
1
Let b(p) = 30*p - 17. Let d = -47 - -52. What is the units digit of b(d)?
3
Let t be (-90)/6*5/(-3). Let z be (-100)/16*(-1 - 7). Let c = z - t. What is the tens digit of c?
2
Let l(j) = -5 + 4*j**2 - j**2 - 19*j + 23*j - 2*j**2. What is the units digit of l(2)?
7
Let t(b) = -b**3 - 3*b**2 + 6*b + 6. Let r be t(-4). Suppose 3*f + 2*o - 1 = 4*f, -3*o + 9 = f. What is the tens digit of (38/(-3))/(r/f)?
1
Let v(s) = s**3 + 9*s**2 + 5*s + 6. Let b be v(-8). Let x = 21 + b. Suppose -x = -3*h - 0. What is the units digit of h?
7
Let r be (-15)/(-20) + (-7)/4. Let q = r - -7. Suppose q*o - 4*o = 52. What is the units digit of o?
6
Let d be 29/3 + 5/15. Suppose 4*l = 9*l - d. Suppose l*j - 64 = -k, 4*j + 0*j + 5*k - 140 = 0. What is the units digit of j?
0
Let r(g) = g**2 - 4*g + 5. Let d be 8*-3*(-2)/8. Let l be r(d). Let p = l + 19. What is the units digit of p?
6
Suppose 0 = 5*t - 3*t - 104. Let c = 122 - t. What is the tens digit of c?
7
Let a(g) = 9*g - 2 - 7 + 3. Let t = 313 + -307. What is the tens digit of a(t)?
4
Suppose 0 = h - 2*k + k - 122, 5*h - 624 = -2*k. Suppose -p + 52 = 2*l - 7*l, -l = 4*p - h. Let b = -19 + p. What is the tens digit of b?
1
Let m = 256 + 589. What is the hundreds digit of m?
8
Let o be 8/2 + -27 - 3/1. Let b = o + 114. What is the units digit of b?
8
Suppose -2*b - 4*a + 444 = 0, -26*b + 2*a = -31*b + 1070. What is the hundreds digit of b?
2
Suppose 2*y = -2 + 6. Suppose -33 - 3 = -y*i. Let j = i + -10. What is the units digit of j?
8
Suppose 3*y - 2*n = 4 + 13, -3*y + 5*n = -20. Suppose 26 - 121 = y*a. Let q = a + 31. What is the tens digit of q?
1
Let l = 1043 - 581. What is the tens digit of l?
6
Suppose -4*f + 8015 = 2823. What is the thousands digit of f?
1
Let n = 131 - 89. What is the units digit of (28/n)/((-1)/(-291))?
4
Let c(o) = -56*o - 44. What is the hundreds digit of c(-8)?
4
Let h(w) = -w**2 - 13*w - 17. Let i be h(-11). What is the units digit of (-5)/i - -4 - -51?
4
Let u = 909 - 439. What is the hundreds digit of u?
4
Let b = 9 + -6. Suppose -4*m = 5*p + 1, p - 4*m = -0*m + 19. Suppose 0 = 3*y - 6, 2*x + p*y - 66 = -b*x. What is the tens digit of x?
1
Suppose 7*y - 6*y - 29 = 0. Suppose -2*g = -6, -y - 22 = -5*j - 2*g. Suppose j*l - 16 = 7*l. What is the units digit of l?
8
Suppose 0 = 20*v - 8225 - 8855. What is the tens digit of v?
5
Let d = -443 - -1528. What is the tens digit of d?
8
Suppose 0 = -6*r - 213 + 8967. Suppose -4 - r = -7*z. What is the units digit of z?
9
Suppose 3*u = 10 - 4. Suppose -u*h = 2*h - 20. What is the units digit of h?
5
Suppose -212 = -4*f - 4*z, 2*z - 6*z + 155 = 3*f. What is the units digit of f?
7
Let n = 66 + -48. Let w = n - -60. What is the tens digit of w?
7
Let x(f) = 5*f. Let s(g) = 3 - 5 - 1 + 2 - 21*g. Let y(l) = 2*s(l) + 9*x(l). What is the tens digit of y(8)?
2
Let r = 98 + 340. What is the units digit of r?
8
Let d be (2/1 - 0)/((-46)/(-115)). Suppose 4*h - 1269 = -d*h. What is the units digit of h?
1
Suppose g - 2 = l + l, 0 = 5*g + 3*l - 10. Suppose 32 = 5*z + m + g*m, -3*m = -2*z - 4. What is the units digit of z - (-39 - 4/(-4))?
2
Let f be (-4)/(-8)*(-1 - -43). Let a be -4*4/(-16) + 3. Suppose -r = -a*r + f. What is the units digit of r?
7
Let a be (-2)/4 - (-50)/4. Suppose 3*l - 3*d = -a, 3*d + 0 = -5*l + 4. What is the tens digit of 0 + 2 + (8 - l)?
1
Let l(t) = 184*t - 33. Suppose 6*y = 24 - 12. What is the hundreds digit of l(y)?
3
Suppose 23 = 8*p - 897. Let w = -3 + p. What is the tens digit of w?
1
Suppose 3*n - 897 - 847 = -2*k, -3*n - k = -1745. What is the units digit of n?
2
Suppose 0 = -o - 153 + 634. What is the hundreds digit of o?
4
Let p(f) = 210*f**2 + 5*f + 5. Suppose 0*w - 2*w = 3*a + 1, -1 = -4*a - 5*w. What is the hundreds digit of p(a)?
2
Suppose 2*p - 59 = -4*g + g, p - 38 = -2*g. Let h be (1/(-3))/((-16)/864). Suppose g + h = b. What is the tens digit of b?
3
Let h(s) = -28*s - 26. Let o be h(11). Let n = -183 - o. What is the units digit of n?
1
Let f = 622 + -335. Let l = f + -147. What is the tens digit of l?
4
Suppose -5*q - 4*i = -14661, 5*q - 7067 = -i + 7597. What is the units digit of q?
3
Let w be ((-10)/25)/(1/(-50)). Let y = -17 + w. Suppose -7*p + 108 = -y*p. What is the tens digit of p?
2
Let w(d) = 21 + 7*d + 9 + 29*d + 0. What is the units digit of w(6)?
6
Let h be (-5 - 190)*(-4)/12. Suppose -h = -b + 50. What is the units digit of b?
5
Let v = 23 - 3. Suppose 5*t - v = -0*t. What is the units digit of -1 + 2/4*t?
1
Let v = 386 - 84. What is the tens digit of v?
0
Let h = 1330 + -355. What is the hundreds digit of h?
9
Let k(x) = x**3 + 5*x**2 + 5*x + 6. Let s be k(-4). Let v = s - -3. What is the units digit of 12/5 - 2/v?
2
Let u = 70 + 425. Suppose 9*z - 729 = u. What is the hundreds digit of z?
1
Suppose 0 = -g + 11 + 2. Suppose -4*m + g = 3*q - 23, -3*q = -5*m + 18. Let d(s) = 5*s - 12. What is the tens digit of d(m)?
1
What is the hundreds digit of (1/1)/((-1)/(-866))?
8
Let s(y) = 19*y + 733. What is the units digit of s(36)?
7
Let b(q) = 247*q**2 - q - 2. What is the tens digit of b(-1)?
4
Let h(u) = 4*u**3 + u**2 - u - 1. Let r be h(1). Suppose 0 = -i + 5, -r*i = 2*k + 2*i - 219. What is the units digit of k?
7
Let g = -32 + 431. What is the units digit of g?
9
Let f(b) = b**3 - 25*b**2 - 12*b - 66. What is the tens digit of f(28)?
5
Let n be (-7)/(-14)*(1 + -5). Let w = -2 + n. What is the units digit of 2/w*-14 + 2?
9
Let s be (-16)/(-56) - 16/7. Let o(a) = -a + 1. Let f be o(s). Suppose 4*t - f*t = 6. What is the units digit of t?
6
Suppose 3*p - u - 1248 = 0, -3*u + 792 + 29 = 2*p. What is the tens digit of p?
1
Let l be (-16)/(-12)*(-3)/(-2). Suppose -b = -l*z, z = -9*b + 4*b. Suppose -5*v + 75 + 155 = b. What is the tens digit of v?
4
Suppose a = 4*h + 45, -4*h - 136 = -5*a + 9. What is the units digit of a?
5
Suppose -5*x + 4*r = -248, 5*x = -0*x + r + 242. Let c = -20 + 20. Suppose 2*m + c = x. What is the units digit of m?
4
What is the hundreds digit of ((-1312)/10)/(7/(-35))?
6
What is the units digit of (-6622)/(-4) + (-5)/(-2)?
8
Suppose 10 = 5*j, -2*h + 11 = -3*j + 5. Let q(r) = -r**3 + 7*r**2 - 3*r - 6